{"id":46,"date":"2014-05-07T22:28:41","date_gmt":"2014-05-07T20:28:41","guid":{"rendered":"http:\/\/hirsimaki.net\/montsa\/?page_id=46"},"modified":"2014-05-07T22:28:41","modified_gmt":"2014-05-07T20:28:41","slug":"kannatusyhdistys","status":"publish","type":"page","link":"https:\/\/montsa.com\/?page_id=46","title":{"rendered":"Kannatusyhdistys"},"content":{"rendered":"<p>P\u00e4iv\u00e4kotia yll\u00e4pit\u00e4\u00e4 Vantaan Montessorikoulu Montsan kannatusyhdistys ry. Kannatusyhdistyksen s\u00e4\u00e4nt\u00f6m\u00e4\u00e4r\u00e4iset kokoukset pidet\u00e4\u00e4n syksyll\u00e4 ja kev\u00e4\u00e4ll\u00e4. Yhdistyksen hallitus muodostuu p\u00e4iv\u00e4kodin lasten vanhemmista. Hallitus kokoontuu kerran kuukaudessa p\u00e4\u00e4tt\u00e4m\u00e4\u00e4n p\u00e4iv\u00e4kotia koskevista asioista, joita ovat mm. talous, henkil\u00f6kunta, viestint\u00e4 sek\u00e4 p\u00e4iv\u00e4hoitopaikkojen t\u00e4ytt\u00e4minen.<\/p>\n<p>Hallituksessa p\u00e4\u00e4set montsalaisen vanhempana vaikuttamaan konkreettisesti siihen mink\u00e4laisessa hoitopaikassa lapsemme p\u00e4iv\u00e4t viett\u00e4v\u00e4t!<\/p>\n<p><strong>Osallistuva, aktiivinen yhteisty\u00f6<\/strong><\/p>\n<p>Montsan ollessa yksityinen p\u00e4iv\u00e4koti, Montsan lasten vanhemmilla on t\u00e4rke\u00e4 rooli p\u00e4iv\u00e4kodin toiminnan kehitt\u00e4misess\u00e4 ja yll\u00e4pit\u00e4misess\u00e4 sek\u00e4 lasten ja henkil\u00f6kunnan p\u00e4ivitt\u00e4isten olosuhteiden ja puitteiden yll\u00e4pit\u00e4misess\u00e4 ja huolehtimisessa. Aktiiviinen ja osallistuva yhteisty\u00f6 tarkoittaa sit\u00e4, ett\u00e4 lasten vanhemmat osallistuvat p\u00e4iv\u00e4kodin toimintaan oma-aloitteisesti ja aktiivisesti, jakaen vuoroja ja vastuita kaikkien vanhempien v\u00e4lill\u00e4.<\/p>\n<p><strong>Tapoja osallistua<\/strong><\/p>\n<ul>\n<li><strong>Syys- ja kev\u00e4ttalkoot<\/strong><br \/>\nKaupunki ei osallistu yksityisen p\u00e4iv\u00e4kodin kiinteist\u00f6n ja pihan kunnostukseen. T\u00e4m\u00e4 on meid\u00e4n montsalaisten vastuulla. Huolehdimme hallituksen ohjaamana itse siit\u00e4, ett\u00e4 aita on pystyss\u00e4, liukum\u00e4ki on maalattu, pihalla on riitt\u00e4v\u00e4sti hiekkaa, turvallisuusolosuhteet on huomioitu ja roikkuvat kaapin ovet korjattu. Vanhemmilta odotetaan aktiivista osallistumista, jotta vastuut jakautuvat tasapuolisesti kaikkien vanhempien v\u00e4lille. Yhteisty\u00f6n ja osallistumisen etuja on se, ett\u00e4 olemme tiivis joukko lastemme ja lastemme hoitajien parasta ajatteleva yhteis\u00f6 ja p\u00e4\u00e4semme tutustumaan ja yst\u00e4vystym\u00e4\u00e4n lastemme yst\u00e4vien vanhempien kanssa!<\/li>\n<li><strong>Kannatusyhdistyksen s\u00e4\u00e4nt\u00f6m\u00e4\u00e4r\u00e4iset kokoukset<\/strong><br \/>\nKannatusyhdistyksen s\u00e4\u00e4nt\u00f6m\u00e4\u00e4r\u00e4isiin kokouksiin voi osallistua lasten vanhemmat. \u00c4\u00e4nioikeus on ainoastaan j\u00e4senill\u00e4.<\/li>\n<li><strong>Hallitusty\u00f6skentely<\/strong><br \/>\nHallitus kokoontuu kuukausittain p\u00e4\u00e4tt\u00e4m\u00e4\u00e4n Montsan arjen asioista resurssoinneista jonotilanteeseen, taloudenhallinnosta ruokaan ja siivoukseen, hankinnoista tiedottamiseen. Tekemist\u00e4 riitt\u00e4\u00e4 ja kannatusyhdistys toivottaa tervetulleeksi osallistumaan Montsan kehitt\u00e4miseen ja toiminnan yll\u00e4pit\u00e4miseen. Hallitusty\u00f6skentely tarjoaa upean n\u00e4k\u00f6alapaikan oman lapsen arjen ymp\u00e4rist\u00f6\u00f6n, p\u00e4\u00e4semme osallistumaan esimerkiksi lastemme hoitajien rekrytointiin ja p\u00e4\u00e4tt\u00e4m\u00e4\u00e4n mink\u00e4laisia asioita lapsemme arjessa tekev\u00e4t.<\/li>\n<\/ul>\n","protected":false},"excerpt":{"rendered":"<p>P\u00e4iv\u00e4kotia yll\u00e4pit\u00e4\u00e4 Vantaan Montessorikoulu Montsan kannatusyhdistys ry. Kannatusyhdistyksen s\u00e4\u00e4nt\u00f6m\u00e4\u00e4r\u00e4iset kokoukset pidet\u00e4\u00e4n syksyll\u00e4 ja kev\u00e4\u00e4ll\u00e4. Yhdistyksen hallitus muodostuu p\u00e4iv\u00e4kodin lasten vanhemmista. Hallitus kokoontuu kerran kuukaudessa p\u00e4\u00e4tt\u00e4m\u00e4\u00e4n p\u00e4iv\u00e4kotia koskevista asioista, joita ovat mm. talous, henkil\u00f6kunta, viestint\u00e4 sek\u00e4 p\u00e4iv\u00e4hoitopaikkojen t\u00e4ytt\u00e4minen. Hallituksessa p\u00e4\u00e4set montsalaisen vanhempana vaikuttamaan konkreettisesti siihen mink\u00e4laisessa hoitopaikassa lapsemme p\u00e4iv\u00e4t viett\u00e4v\u00e4t! Osallistuva,\u2026<\/p>\n<p class=\"continue-reading-button\"> <a class=\"continue-reading-link\" href=\"https:\/\/montsa.com\/?page_id=46\">Continue reading<i class=\"crycon-right-dir\"><\/i><\/a><\/p>\n","protected":false},"author":1,"featured_media":0,"parent":0,"menu_order":0,"comment_status":"closed","ping_status":"closed","template":"templates\/template-onecolumn.php","meta":{"footnotes":""},"class_list":["post-46","page","type-page","status-publish","hentry"],"jetpack_sharing_enabled":true,"jetpack_shortlink":"https:\/\/wp.me\/P7gGdc-K","jetpack-related-posts":[],"_links":{"self":[{"href":"https:\/\/montsa.com\/index.php?rest_route=\/wp\/v2\/pages\/46","targetHints":{"allow":["GET"]}}],"collection":[{"href":"https:\/\/montsa.com\/index.php?rest_route=\/wp\/v2\/pages"}],"about":[{"href":"https:\/\/montsa.com\/index.php?rest_route=\/wp\/v2\/types\/page"}],"author":[{"embeddable":true,"href":"https:\/\/montsa.com\/index.php?rest_route=\/wp\/v2\/users\/1"}],"replies":[{"embeddable":true,"href":"https:\/\/montsa.com\/index.php?rest_route=%2Fwp%2Fv2%2Fcomments&post=46"}],"version-history":[{"count":0,"href":"https:\/\/montsa.com\/index.php?rest_route=\/wp\/v2\/pages\/46\/revisions"}],"wp:attachment":[{"href":"https:\/\/montsa.com\/index.php?rest_route=%2Fwp%2Fv2%2Fmedia&parent=46"}],"curies":[{"name":"wp","href":"https:\/\/api.w.org\/{rel}","templated":true}]}}